{"id":17992,"date":"2022-11-29T05:45:16","date_gmt":"2022-11-29T05:45:16","guid":{"rendered":"https:\/\/suedkreislaeufer.de\/?page_id=17992"},"modified":"2022-11-29T14:43:15","modified_gmt":"2022-11-29T14:43:15","slug":"9-pre-silvesterlauf-2022","status":"publish","type":"page","link":"https:\/\/suedkreislaeufer.de\/?page_id=17992","title":{"rendered":"9. Pre-Silvesterlauf 2022"},"content":{"rendered":"<p>Am 29.12.2022 ist es wieder soweit. Wir laden ein auf eine kleine 25 km Runde zum Jahresabschluss durch und um den Th\u00fcster Berg.<\/p>\n<p>Start ist um 10:00 Uhr, <a href=\"https:\/\/www.google.com\/maps\/dir\/\/Freibad\/@52.0380576,9.6858207,17z\/data=!4m9!4m8!1m0!1m5!1m1!1s0x47babf6a8e024c2d:0x36eaa7859c7bca97!2m2!1d9.686715!2d52.0386181!3e0\">Parkplatz Freibad Marienhagen<\/a><\/p>\n<p>Teilnehmeranzahl: 30<\/p>\n<p>Anmeldung per Mail an: micha@suedkreislaeufer.de<\/p>\n<p>Jeder ist willkommen, f\u00fcr die eigene Verpflegung ist jeder selber zust\u00e4ndig (sind ja nur 25 km)<\/p>\n<p><iframe loading=\"lazy\" src=\"https:\/\/www.komoot.de\/tour\/987110495\/embed?profile=1\" width=\"100%\" height=\"700\" frameborder=\"0\" scrolling=\"no\"><\/iframe><\/p>\n","protected":false},"excerpt":{"rendered":"<p>Am 29.12.2022 ist es wieder soweit. Wir laden ein auf eine kleine 25 km Runde zum Jahresabschluss durch und um den Th\u00fcster Berg. Start ist um 10:00 Uhr, Parkplatz Freibad Marienhagen Teilnehmeranzahl: 30 Anmeldung per Mail an: micha@suedkreislaeufer.de Jeder ist &hellip; <a href=\"https:\/\/suedkreislaeufer.de\/?page_id=17992\">Weiterlesen <span class=\"meta-nav\">&rarr;<\/span><\/a><\/p>\n","protected":false},"author":1,"featured_media":0,"parent":0,"menu_order":0,"comment_status":"closed","ping_status":"closed","template":"","meta":{"jetpack_post_was_ever_published":false,"footnotes":""},"class_list":["post-17992","page","type-page","status-publish","hentry"],"jetpack_shortlink":"https:\/\/wp.me\/P26jAY-4Gc","jetpack_sharing_enabled":true,"jetpack_likes_enabled":false,"jetpack-related-posts":[{"id":17319,"url":"https:\/\/suedkreislaeufer.de\/?page_id=17319","url_meta":{"origin":17992,"position":0},"title":"LFiOL","author":"Suedkreislaeufer","date":"2. Oktober 2023","format":false,"excerpt":"ACHTUNG TERMIN\u00c4NDERUNG Manchmal braucht es einfach einen festen Termin um sich in einer Gruppe zum laufen zu treffen. Ein solcher Termin ist der letzte Freitag im Oktober (kurz LFiOL).\u00a0Seit 2013 treffen wir uns, in wechselnder Besetzung, am besagten letzten Freitag im Oktober um gemeinsam eine 25-30 km lange Runde zu\u2026","rel":"","context":"\u00c4hnlicher Beitrag","block_context":{"text":"\u00c4hnlicher Beitrag","link":""},"img":{"alt_text":"","src":"","width":0,"height":0},"classes":[]},{"id":2354,"url":"https:\/\/suedkreislaeufer.de\/?page_id=2354","url_meta":{"origin":17992,"position":1},"title":"Trainingsstatistik","author":"Suedkreislaeufer","date":"4. Februar 2026","format":false,"excerpt":"\u00a0 \u00a0 2026\u00a0 \u00a0Stand: 04.02.2026 20 L\u00e4ufe Distanz: 485,30 km Max. Distanz: 68,49 km 2025 Stand: 31.12.2025 177 L\u00e4ufe Distanz: 4420,52 km Max. Distanz: 100,31 km 2024\u00a0 \u00a0Stand: 30.12.2024 188 L\u00e4ufe Distanz: 4757,68 km Max. Distanz: 93,48 km 2023 184 L\u00e4ufe Distanz: 5160,61 km Max. Distanz: 106,83 km 2022 191\u2026","rel":"","context":"Mit 1 Kommentar","block_context":{"text":"Mit 1 Kommentar","link":"https:\/\/suedkreislaeufer.de\/?page_id=2354#comments"},"img":{"alt_text":"","src":"","width":0,"height":0},"classes":[]},{"id":17298,"url":"https:\/\/suedkreislaeufer.de\/?page_id=17298","url_meta":{"origin":17992,"position":2},"title":"Griesberglauf","author":"Suedkreislaeufer","date":"3. November 2021","format":false,"excerpt":"Es ist Ende Juni 2007. Hansi K\u00f6hler h\u00e4lt seit dem den Rekord auf der 4,1 km langen Strecke von Almstedt zum Griesberg Funkturm in 18:04 Minuten. Das soll sich nun \u00e4ndern. Das Suedkreis Ultrateam l\u00e4dt ein zum: 4. Griesberglauf 2021 am 27. November um 17 Uhr Ihr habt nun wieder\u2026","rel":"","context":"\u00c4hnlicher Beitrag","block_context":{"text":"\u00c4hnlicher Beitrag","link":""},"img":{"alt_text":"","src":"https:\/\/i0.wp.com\/suedkreislaeufer.de\/wp-content\/uploads\/2013\/05\/CIMG0245-300x225.jpg?resize=350%2C200","width":350,"height":200},"classes":[]},{"id":18201,"url":"https:\/\/suedkreislaeufer.de\/?page_id=18201","url_meta":{"origin":17992,"position":3},"title":"Sunrise Rock 2023","author":"Suedkreislaeufer","date":"8. Juli 2023","format":false,"excerpt":"Wir, das Suedkreis Ultrateam, laden ein zum nun schon 7. Sunrise Rock. Details zum Lauf erfahrt Ihr auf Nachfrage ;-) Das ganze ist ein Gruppenlauf unter Freunden mit dem Ziel einfach eine sch\u00f6ne Zeit zu haben. Start: 18. August 2023 um 17 Uhr, hier in Wehrstedt an der \"Zentrale des\u2026","rel":"","context":"\u00c4hnlicher Beitrag","block_context":{"text":"\u00c4hnlicher Beitrag","link":""},"img":{"alt_text":"","src":"https:\/\/i0.wp.com\/suedkreislaeufer.de\/wp-content\/uploads\/2023\/07\/SR-2023-800-300x100.jpg?resize=350%2C200","width":350,"height":200,"srcset":"https:\/\/i0.wp.com\/suedkreislaeufer.de\/wp-content\/uploads\/2023\/07\/SR-2023-800-300x100.jpg?resize=350%2C200 1x, https:\/\/i0.wp.com\/suedkreislaeufer.de\/wp-content\/uploads\/2023\/07\/SR-2023-800-300x100.jpg?resize=525%2C300 1.5x"},"classes":[]},{"id":17408,"url":"https:\/\/suedkreislaeufer.de\/?page_id=17408","url_meta":{"origin":17992,"position":4},"title":"Griesberglauf Weltbestenliste","author":"Suedkreislaeufer","date":"18. September 2021","format":false,"excerpt":"Top 25 M\u00e4nner Platz Name Datum Zeit (min.) 1 Hansi K\u00f6hler 30.06.2007 00:18:04 2 Michael Strohmeyer 30.06.2007 00:18:31 3 Mark Kaspari 30.06.2007 00:18:46 4 Michael Neugebauer 05.02.2008 00:18:53 5 Martin Braune-Krickau 07.12.2014 00:19:18 6 Mario Reichelt 30.06.2007 00:19:19 7 Detlef Londenberg 30.06.2007 00:19:48 8 Stefan Seyffert 10.08.2008 00:19:45 9 Dirk\u2026","rel":"","context":"\u00c4hnlicher Beitrag","block_context":{"text":"\u00c4hnlicher Beitrag","link":""},"img":{"alt_text":"","src":"","width":0,"height":0},"classes":[]},{"id":17313,"url":"https:\/\/suedkreislaeufer.de\/?page_id=17313","url_meta":{"origin":17992,"position":5},"title":"1. Griesberglauf &#8211; Ergebnisliste","author":"Suedkreislaeufer","date":"21. August 2021","format":false,"excerpt":"Heute, am 28.08.2021 fand der 1. Griesberglauf (der Neuzeit) statt. Bei str\u00f6menden Regen, und ich meine wirklich bei str\u00f6menden Regen, machten sich 6 wagemutige L\u00e4ufer\/innen auf den Weg die \"Griesberglauf Weltbestenliste\" zu st\u00fcrmen. Leider schafften es nur 50 % der Teilnehmer in die Liste zu rutschen. Geschafft haben es Lars\u2026","rel":"","context":"\u00c4hnlicher Beitrag","block_context":{"text":"\u00c4hnlicher Beitrag","link":""},"img":{"alt_text":"","src":"https:\/\/i0.wp.com\/suedkreislaeufer.de\/wp-content\/uploads\/2021\/08\/IMG-20210828-WA0002.jpg?resize=350%2C200","width":350,"height":200,"srcset":"https:\/\/i0.wp.com\/suedkreislaeufer.de\/wp-content\/uploads\/2021\/08\/IMG-20210828-WA0002.jpg?resize=350%2C200 1x, https:\/\/i0.wp.com\/suedkreislaeufer.de\/wp-content\/uploads\/2021\/08\/IMG-20210828-WA0002.jpg?resize=525%2C300 1.5x, https:\/\/i0.wp.com\/suedkreislaeufer.de\/wp-content\/uploads\/2021\/08\/IMG-20210828-WA0002.jpg?resize=700%2C400 2x, https:\/\/i0.wp.com\/suedkreislaeufer.de\/wp-content\/uploads\/2021\/08\/IMG-20210828-WA0002.jpg?resize=1050%2C600 3x, https:\/\/i0.wp.com\/suedkreislaeufer.de\/wp-content\/uploads\/2021\/08\/IMG-20210828-WA0002.jpg?resize=1400%2C800 4x"},"classes":[]}],"_links":{"self":[{"href":"https:\/\/suedkreislaeufer.de\/index.php?rest_route=\/wp\/v2\/pages\/17992","targetHints":{"allow":["GET"]}}],"collection":[{"href":"https:\/\/suedkreislaeufer.de\/index.php?rest_route=\/wp\/v2\/pages"}],"about":[{"href":"https:\/\/suedkreislaeufer.de\/index.php?rest_route=\/wp\/v2\/types\/page"}],"author":[{"embeddable":true,"href":"https:\/\/suedkreislaeufer.de\/index.php?rest_route=\/wp\/v2\/users\/1"}],"replies":[{"embeddable":true,"href":"https:\/\/suedkreislaeufer.de\/index.php?rest_route=%2Fwp%2Fv2%2Fcomments&post=17992"}],"version-history":[{"count":6,"href":"https:\/\/suedkreislaeufer.de\/index.php?rest_route=\/wp\/v2\/pages\/17992\/revisions"}],"predecessor-version":[{"id":18001,"href":"https:\/\/suedkreislaeufer.de\/index.php?rest_route=\/wp\/v2\/pages\/17992\/revisions\/18001"}],"wp:attachment":[{"href":"https:\/\/suedkreislaeufer.de\/index.php?rest_route=%2Fwp%2Fv2%2Fmedia&parent=17992"}],"curies":[{"name":"wp","href":"https:\/\/api.w.org\/{rel}","templated":true}]}}