{"id":18201,"date":"2023-07-08T12:00:16","date_gmt":"2023-07-08T12:00:16","guid":{"rendered":"https:\/\/suedkreislaeufer.de\/?page_id=18201"},"modified":"2023-07-08T12:01:42","modified_gmt":"2023-07-08T12:01:42","slug":"sunrise-rock-2023","status":"publish","type":"page","link":"https:\/\/suedkreislaeufer.de\/?page_id=18201","title":{"rendered":"Sunrise Rock 2023"},"content":{"rendered":"<p><img data-recalc-dims=\"1\" loading=\"lazy\" decoding=\"async\" data-attachment-id=\"18202\" data-permalink=\"https:\/\/suedkreislaeufer.de\/?attachment_id=18202\" data-orig-file=\"https:\/\/i0.wp.com\/suedkreislaeufer.de\/wp-content\/uploads\/2023\/07\/SR-2023-800.jpg?fit=800%2C267&amp;ssl=1\" data-orig-size=\"800,267\" data-comments-opened=\"0\" data-image-meta=\"{&quot;aperture&quot;:&quot;0&quot;,&quot;credit&quot;:&quot;&quot;,&quot;camera&quot;:&quot;&quot;,&quot;caption&quot;:&quot;&quot;,&quot;created_timestamp&quot;:&quot;0&quot;,&quot;copyright&quot;:&quot;&quot;,&quot;focal_length&quot;:&quot;0&quot;,&quot;iso&quot;:&quot;0&quot;,&quot;shutter_speed&quot;:&quot;0&quot;,&quot;title&quot;:&quot;&quot;,&quot;orientation&quot;:&quot;0&quot;}\" data-image-title=\"SR 2023-800\" data-image-description=\"\" data-image-caption=\"\" data-large-file=\"https:\/\/i0.wp.com\/suedkreislaeufer.de\/wp-content\/uploads\/2023\/07\/SR-2023-800.jpg?fit=640%2C214&amp;ssl=1\" class=\" wp-image-18202 aligncenter\" src=\"https:\/\/i0.wp.com\/suedkreislaeufer.de\/wp-content\/uploads\/2023\/07\/SR-2023-800.jpg?resize=640%2C213&#038;ssl=1\" alt=\"\" width=\"640\" height=\"213\" srcset=\"https:\/\/i0.wp.com\/suedkreislaeufer.de\/wp-content\/uploads\/2023\/07\/SR-2023-800.jpg?resize=300%2C100&amp;ssl=1 300w, https:\/\/i0.wp.com\/suedkreislaeufer.de\/wp-content\/uploads\/2023\/07\/SR-2023-800.jpg?resize=768%2C256&amp;ssl=1 768w, https:\/\/i0.wp.com\/suedkreislaeufer.de\/wp-content\/uploads\/2023\/07\/SR-2023-800.jpg?w=800&amp;ssl=1 800w\" sizes=\"auto, (max-width: 640px) 100vw, 640px\" \/><\/p>\n<p>Wir, das Suedkreis Ultrateam, laden ein zum nun schon 7. Sunrise Rock. Details zum Lauf erfahrt Ihr auf Nachfrage \ud83d\ude09 Das ganze ist ein Gruppenlauf unter Freunden mit dem Ziel einfach eine sch\u00f6ne Zeit zu haben.<\/p>\n<p><strong>Start:<\/strong><\/p>\n<ul>\n<li>18. August 2023 um 17 Uhr, hier in Wehrstedt an der &#8222;Zentrale des Wahnsinns&#8220;<\/li>\n<\/ul>\n<p><strong>Strecke:<\/strong><\/p>\n<ul>\n<li>83 Kilometer (plus Abstieg Torfhaus, also etwa 92 km komplett), Wehrstedt &#8212; &gt; Brocken<\/li>\n<\/ul>\n<p><strong>Abschluss:<\/strong><\/p>\n<ul style=\"list-style-type: square;\">\n<li>Wahrscheinlich in einen Cafe in Altenau<\/li>\n<\/ul>\n<p><strong>Teilnehmer:<\/strong><\/p>\n<ul>\n<li>\u00a0J\u00f6rg R.\u00a0 \u00a0 \u00a0 \u00a0 \u00a0 \u00a0 \u00a0 \u00a0 \u00a0 \u00a0<img data-recalc-dims=\"1\" loading=\"lazy\" decoding=\"async\" class=\"alignnone\" style=\"font-size: 12px;\" src=\"https:\/\/i0.wp.com\/www.suedkreislaeufer.de\/sr\/sr2021\/check.jpg?resize=20%2C21&#038;ssl=1\" alt=\"\" width=\"20\" height=\"21\" \/><\/li>\n<li>Michael H.\u00a0 \u00a0 \u00a0 \u00a0 \u00a0 \u00a0 \u00a0<img data-recalc-dims=\"1\" loading=\"lazy\" decoding=\"async\" class=\"alignnone\" style=\"font-size: 12px;\" src=\"https:\/\/i0.wp.com\/www.suedkreislaeufer.de\/sr\/sr2021\/check.jpg?resize=20%2C21&#038;ssl=1\" alt=\"\" width=\"20\" height=\"21\" \/><\/li>\n<li>Matthias M. \u00a0 \u00a0 \u00a0 \u00a0 \u00a0\u00a0<img data-recalc-dims=\"1\" loading=\"lazy\" decoding=\"async\" class=\"alignnone\" src=\"https:\/\/i0.wp.com\/www.suedkreislaeufer.de\/sr\/sr2021\/check.jpg?resize=20%2C21&#038;ssl=1\" alt=\"\" width=\"20\" height=\"21\" \/><\/li>\n<li>Harald B.\u00a0 \u00a0 \u00a0 \u00a0 \u00a0 \u00a0 \u00a0 \u00a0<strong>\u00a0?<\/strong><\/li>\n<li>Frank J.\u00a0 \u00a0 \u00a0 \u00a0 \u00a0 \u00a0 <strong>\u00a0 \u00a0 \u00a0 ?<\/strong><\/li>\n<\/ul>\n<p>Ihr wollt oder k\u00f6nnt nicht mitlaufen sondern wollt uns unterst\u00fctzen ? Wir freuen uns \u00fcber jeden der sich die Nacht um die Ohren schl\u00e4gt um uns zu verpflegen und um uns nach getaner Arbeit zur\u00fcck nach Wehrstedt zu bringen \ud83d\ude42 Dein Lohn: ewige Dankbarkeit und eine Einladung zum Fr\u00fchst\u00fcck \ud83d\ude42 Schreib uns an.<\/p>\n","protected":false},"excerpt":{"rendered":"<p>Wir, das Suedkreis Ultrateam, laden ein zum nun schon 7. Sunrise Rock. Details zum Lauf erfahrt Ihr auf Nachfrage \ud83d\ude09 Das ganze ist ein Gruppenlauf unter Freunden mit dem Ziel einfach eine sch\u00f6ne Zeit zu haben. Start: 18. August 2023 &hellip; <a href=\"https:\/\/suedkreislaeufer.de\/?page_id=18201\">Weiterlesen <span class=\"meta-nav\">&rarr;<\/span><\/a><\/p>\n","protected":false},"author":1,"featured_media":0,"parent":0,"menu_order":0,"comment_status":"closed","ping_status":"closed","template":"","meta":{"jetpack_post_was_ever_published":false,"footnotes":""},"class_list":["post-18201","page","type-page","status-publish","hentry"],"jetpack_shortlink":"https:\/\/wp.me\/P26jAY-4Jz","jetpack_sharing_enabled":true,"jetpack_likes_enabled":false,"jetpack-related-posts":[{"id":16986,"url":"https:\/\/suedkreislaeufer.de\/?page_id=16986","url_meta":{"origin":18201,"position":0},"title":"Sunrise Rock 2022","author":"Suedkreislaeufer","date":"21. September 2022","format":false,"excerpt":"Start: 23. September 2022 um 17 Uhr, hier in Wehrstedt an der \"Zentrale des Wahnsinns\" Strecke: 82 Kilometer (plus Abstieg Torfhaus), Wehrstedt --- > Brocken Abschluss: Bavaria Alm Teilnehmer: Andreas J.\u00a0 \u00a0 \u00a0 \u00a0 \u00a0 \u00a0 \u00a0 Michael H.\u00a0 \u00a0 \u00a0 \u00a0 \u00a0 \u00a0 \u00a0 Matthias M. \u00a0 \u00a0 \u00a0\u2026","rel":"","context":"\u00c4hnlicher Beitrag","block_context":{"text":"\u00c4hnlicher Beitrag","link":""},"img":{"alt_text":"","src":"https:\/\/i0.wp.com\/suedkreislaeufer.de\/wp-content\/uploads\/2022\/08\/SR-2022-kl-300x100.jpg?resize=350%2C200","width":350,"height":200,"srcset":"https:\/\/i0.wp.com\/suedkreislaeufer.de\/wp-content\/uploads\/2022\/08\/SR-2022-kl-300x100.jpg?resize=350%2C200 1x, https:\/\/i0.wp.com\/suedkreislaeufer.de\/wp-content\/uploads\/2022\/08\/SR-2022-kl-300x100.jpg?resize=525%2C300 1.5x"},"classes":[]},{"id":10144,"url":"https:\/\/suedkreislaeufer.de\/?page_id=10144","url_meta":{"origin":18201,"position":1},"title":"Impressum","author":"Suedkreislaeufer","date":"17. Juni 2015","format":false,"excerpt":"Verantwortlich f\u00fcr den Inhalt von http:\/\/www.suedkreislaeufer.de und die technische Umsetzung: kontakt(at)suedkreislaeufer.de Michael Hartmann An der Kirche 20a 31162 Wehrstedt Kontakt Internet: http:\/\/www.michahart.de Haftungshinweis:\u00a0 Trotz sorgf\u00e4ltiger inhaltlicher Kontrolle \u00fcbernehme ich keine Haftung f\u00fcr die Inhalte externer Links. F\u00fcr den Inhalt der verlinkten Seiten sind ausschlie\u00dflich deren Betreiber verantwortlich. \u00a9 2019 Michael\u2026","rel":"","context":"\u00c4hnlicher Beitrag","block_context":{"text":"\u00c4hnlicher Beitrag","link":""},"img":{"alt_text":"","src":"","width":0,"height":0},"classes":[]},{"id":17319,"url":"https:\/\/suedkreislaeufer.de\/?page_id=17319","url_meta":{"origin":18201,"position":2},"title":"LFiOL","author":"Suedkreislaeufer","date":"2. Oktober 2023","format":false,"excerpt":"ACHTUNG TERMIN\u00c4NDERUNG Manchmal braucht es einfach einen festen Termin um sich in einer Gruppe zum laufen zu treffen. Ein solcher Termin ist der letzte Freitag im Oktober (kurz LFiOL).\u00a0Seit 2013 treffen wir uns, in wechselnder Besetzung, am besagten letzten Freitag im Oktober um gemeinsam eine 25-30 km lange Runde zu\u2026","rel":"","context":"\u00c4hnlicher Beitrag","block_context":{"text":"\u00c4hnlicher Beitrag","link":""},"img":{"alt_text":"","src":"","width":0,"height":0},"classes":[]},{"id":2354,"url":"https:\/\/suedkreislaeufer.de\/?page_id=2354","url_meta":{"origin":18201,"position":3},"title":"Trainingsstatistik","author":"Suedkreislaeufer","date":"4. Februar 2026","format":false,"excerpt":"\u00a0 \u00a0 2026\u00a0 \u00a0Stand: 04.02.2026 20 L\u00e4ufe Distanz: 485,30 km Max. Distanz: 68,49 km 2025 Stand: 31.12.2025 177 L\u00e4ufe Distanz: 4420,52 km Max. Distanz: 100,31 km 2024\u00a0 \u00a0Stand: 30.12.2024 188 L\u00e4ufe Distanz: 4757,68 km Max. Distanz: 93,48 km 2023 184 L\u00e4ufe Distanz: 5160,61 km Max. Distanz: 106,83 km 2022 191\u2026","rel":"","context":"Mit 1 Kommentar","block_context":{"text":"Mit 1 Kommentar","link":"https:\/\/suedkreislaeufer.de\/?page_id=2354#comments"},"img":{"alt_text":"","src":"","width":0,"height":0},"classes":[]},{"id":17313,"url":"https:\/\/suedkreislaeufer.de\/?page_id=17313","url_meta":{"origin":18201,"position":4},"title":"1. Griesberglauf &#8211; Ergebnisliste","author":"Suedkreislaeufer","date":"21. August 2021","format":false,"excerpt":"Heute, am 28.08.2021 fand der 1. Griesberglauf (der Neuzeit) statt. Bei str\u00f6menden Regen, und ich meine wirklich bei str\u00f6menden Regen, machten sich 6 wagemutige L\u00e4ufer\/innen auf den Weg die \"Griesberglauf Weltbestenliste\" zu st\u00fcrmen. Leider schafften es nur 50 % der Teilnehmer in die Liste zu rutschen. Geschafft haben es Lars\u2026","rel":"","context":"\u00c4hnlicher Beitrag","block_context":{"text":"\u00c4hnlicher Beitrag","link":""},"img":{"alt_text":"","src":"https:\/\/i0.wp.com\/suedkreislaeufer.de\/wp-content\/uploads\/2021\/08\/IMG-20210828-WA0002.jpg?resize=350%2C200","width":350,"height":200,"srcset":"https:\/\/i0.wp.com\/suedkreislaeufer.de\/wp-content\/uploads\/2021\/08\/IMG-20210828-WA0002.jpg?resize=350%2C200 1x, https:\/\/i0.wp.com\/suedkreislaeufer.de\/wp-content\/uploads\/2021\/08\/IMG-20210828-WA0002.jpg?resize=525%2C300 1.5x, https:\/\/i0.wp.com\/suedkreislaeufer.de\/wp-content\/uploads\/2021\/08\/IMG-20210828-WA0002.jpg?resize=700%2C400 2x, https:\/\/i0.wp.com\/suedkreislaeufer.de\/wp-content\/uploads\/2021\/08\/IMG-20210828-WA0002.jpg?resize=1050%2C600 3x, https:\/\/i0.wp.com\/suedkreislaeufer.de\/wp-content\/uploads\/2021\/08\/IMG-20210828-WA0002.jpg?resize=1400%2C800 4x"},"classes":[]},{"id":418,"url":"https:\/\/suedkreislaeufer.de\/?page_id=418","url_meta":{"origin":18201,"position":5},"title":"Trail\/Wasserkarte","author":"Suedkreislaeufer","date":"12. Juni 2018","format":false,"excerpt":"Wasserkarte Ihr wollte auch nicht st\u00e4ndig \u00a0Wasser\u00a0mit Euch rumschleppen ? Gerade in fremden Terrain ist es wichtig einen Plan B zu haben wenn man Durst hat :-) \u00a0Die \"Wasserkarte\" befindet sich gerade noch im Aufbau. Einige erste Wasserstellen sind angelegt und ich hoffe Ihr helft mit das es m\u00f6glichst viele\u2026","rel":"","context":"Mit 1 Kommentar","block_context":{"text":"Mit 1 Kommentar","link":"https:\/\/suedkreislaeufer.de\/?page_id=418#comments"},"img":{"alt_text":"trailkarte","src":"https:\/\/i0.wp.com\/suedkreislaeufer.de\/wp-content\/uploads\/2013\/01\/trailkarte.jpg?resize=350%2C200","width":350,"height":200},"classes":[]}],"_links":{"self":[{"href":"https:\/\/suedkreislaeufer.de\/index.php?rest_route=\/wp\/v2\/pages\/18201","targetHints":{"allow":["GET"]}}],"collection":[{"href":"https:\/\/suedkreislaeufer.de\/index.php?rest_route=\/wp\/v2\/pages"}],"about":[{"href":"https:\/\/suedkreislaeufer.de\/index.php?rest_route=\/wp\/v2\/types\/page"}],"author":[{"embeddable":true,"href":"https:\/\/suedkreislaeufer.de\/index.php?rest_route=\/wp\/v2\/users\/1"}],"replies":[{"embeddable":true,"href":"https:\/\/suedkreislaeufer.de\/index.php?rest_route=%2Fwp%2Fv2%2Fcomments&post=18201"}],"version-history":[{"count":2,"href":"https:\/\/suedkreislaeufer.de\/index.php?rest_route=\/wp\/v2\/pages\/18201\/revisions"}],"predecessor-version":[{"id":18205,"href":"https:\/\/suedkreislaeufer.de\/index.php?rest_route=\/wp\/v2\/pages\/18201\/revisions\/18205"}],"wp:attachment":[{"href":"https:\/\/suedkreislaeufer.de\/index.php?rest_route=%2Fwp%2Fv2%2Fmedia&parent=18201"}],"curies":[{"name":"wp","href":"https:\/\/api.w.org\/{rel}","templated":true}]}}